{"id":773,"date":"2025-07-31T13:11:34","date_gmt":"2025-07-31T16:11:34","guid":{"rendered":"https:\/\/ultrazombies.ar\/tienda\/?post_type=product&#038;p=773"},"modified":"2025-10-29T08:20:26","modified_gmt":"2025-10-29T11:20:26","slug":"como-ser-un-zombie-y-no-morir-en-el-intento","status":"publish","type":"product","link":"https:\/\/ultrazombies.ar\/tienda\/product\/como-ser-un-zombie-y-no-morir-en-el-intento\/","title":{"rendered":"C\u00f3mo ser un zombie (y no morir en el intento)"},"content":{"rendered":"<p>\ud83e\udddf\u200d\u2642\ufe0f \u00a1C\u00f3mo ser un zombie (y no morir en el intento)!<br \/>\n\ud83d\udcd3 Entrenamiento oficial para unirte a la pandilla m\u00e1s descerebrada del apocalipsis<\/p>\n<p>\ud83c\udf89 \u00a1FELICITACIONES!<br \/>\nFuiste seleccionado para convertirte en parte de la pandilla zombie m\u00e1s desquiciada, ruidosa y divertida del apocalipsis.<br \/>\nPero\u2026 antes de que te den la bienvenida (o al menos no te devoren), \u00a1vas a tener que demostrar que est\u00e1s a la altura! \ud83d\ude2c\ud83d\udca5<\/p>\n<p>Cada miembro de esta horda tiene para vos un desaf\u00edo repugnante, creativo o absolutamente rid\u00edculo:<br \/>\n\ud83e\udde0 Crucigramas podridos<br \/>\n\ud83c\udfad Disfraces mutantes<br \/>\n\ud83c\udfa8 Ensuciar el libro sin remordimientos<br \/>\n\ud83e\uddec Pegar cosas raras<br \/>\n\ud83e\udd22 Bromas asquerosas<br \/>\n\ud83d\udca5 Misiones secretas que pondr\u00e1n a prueba tu ingenio (y tu dignidad)<\/p>\n<p>\u00bfEst\u00e1s listo para zombificarte? \ud83d\ude31<br \/>\nComplet\u00e1 todas las pruebas y podr\u00e1s convertirte en un zombie honorario con cerebro, coraz\u00f3n y mucha baba verde.<br \/>\nIdeal para humanos valientes, con ganas de perder la cabeza\u2026 \u00a1de risa! \ud83d\udc80\ud83d\ude02<\/p>\n<p>Este no es solo un libro.<br \/>\nEs una aventura interactiva que te transforma p\u00e1gina a p\u00e1gina.<br \/>\n\ud83d\udce2 Porque sobrevivir al apocalipsis es f\u00e1cil\u2026 lo dif\u00edcil es hacerlo con estilo zombie.<\/p>\n","protected":false},"excerpt":{"rendered":"<p>\u00abC\u00f3mo ser un zombie (y no morir en el intento&#8230;)\u00bb es un libro anillado de 160 p\u00e1ginas con los desaf\u00edos m\u00e1s delirantes, las bromas m\u00e1s divertidas y horas de diversi\u00f3n asegurada. Para jugar solo o con amigos.<\/p>\n","protected":false},"featured_media":775,"comment_status":"open","ping_status":"closed","template":"","meta":[],"product_brand":[],"product_cat":[20],"product_tag":[],"class_list":{"0":"post-773","1":"product","2":"type-product","3":"status-publish","4":"has-post-thumbnail","6":"product_cat-libros","8":"entry","9":"has-media","11":"first","12":"instock","13":"shipping-taxable","14":"purchasable","15":"product-type-simple","16":"col","17":"span_1_of_4","18":"owp-content-center","19":"owp-thumbs-layout-horizontal","20":"owp-btn-normal","21":"owp-tabs-layout-horizontal"},"jetpack_sharing_enabled":true,"_links":{"self":[{"href":"https:\/\/ultrazombies.ar\/tienda\/wp-json\/wp\/v2\/product\/773","targetHints":{"allow":["GET"]}}],"collection":[{"href":"https:\/\/ultrazombies.ar\/tienda\/wp-json\/wp\/v2\/product"}],"about":[{"href":"https:\/\/ultrazombies.ar\/tienda\/wp-json\/wp\/v2\/types\/product"}],"replies":[{"embeddable":true,"href":"https:\/\/ultrazombies.ar\/tienda\/wp-json\/wp\/v2\/comments?post=773"}],"wp:featuredmedia":[{"embeddable":true,"href":"https:\/\/ultrazombies.ar\/tienda\/wp-json\/wp\/v2\/media\/775"}],"wp:attachment":[{"href":"https:\/\/ultrazombies.ar\/tienda\/wp-json\/wp\/v2\/media?parent=773"}],"wp:term":[{"taxonomy":"product_brand","embeddable":true,"href":"https:\/\/ultrazombies.ar\/tienda\/wp-json\/wp\/v2\/product_brand?post=773"},{"taxonomy":"product_cat","embeddable":true,"href":"https:\/\/ultrazombies.ar\/tienda\/wp-json\/wp\/v2\/product_cat?post=773"},{"taxonomy":"product_tag","embeddable":true,"href":"https:\/\/ultrazombies.ar\/tienda\/wp-json\/wp\/v2\/product_tag?post=773"}],"curies":[{"name":"wp","href":"https:\/\/api.w.org\/{rel}","templated":true}]}}